{"id":188,"date":"2025-03-18T09:39:27","date_gmt":"2025-03-18T09:39:27","guid":{"rendered":"https:\/\/atenatwostars.com\/index.php\/product\/cataloage-de-produse-expune-ti-oferta\/"},"modified":"2025-03-18T09:39:27","modified_gmt":"2025-03-18T09:39:27","slug":"cataloage-de-produse-expune-ti-oferta","status":"publish","type":"product","link":"https:\/\/atenatwostars.com\/index.php\/product\/cataloage-de-produse-expune-ti-oferta\/","title":{"rendered":"Cataloage de Produse \u2013 Expune-\u021bi Oferta"},"content":{"rendered":"<p>Prezint\u0103-\u021bi \u00eentreaga gam\u0103 de produse cu cataloage tip\u0103rite profesional. Cu pagini groase \u0219i lucioase \u0219i o imprimare clar\u0103, acestea ofer\u0103 o experien\u021b\u0103 captivant\u0103 clien\u021bilor t\u0103i, consolid\u00e2nd \u00eencrederea \u00een brandul t\u0103u. Ideale pentru \u00eent\u00e2lniri de afaceri sau expozi\u021bii.<\/p>\n","protected":false},"excerpt":{"rendered":"<p>Prezint\u0103-\u021bi \u00eentreaga gam\u0103 de produse cu cataloage tip\u0103rite profesional. Cu pagini groase \u0219i lucioase \u0219i o imprimare clar\u0103, acestea ofer\u0103 o experien\u021b\u0103 captivant\u0103 clien\u021bilor t\u0103i, consolid\u00e2nd \u00eencrederea \u00een brandul t\u0103u. Ideale pentru \u00eent\u00e2lniri de afaceri sau expozi\u021bii.<\/p>\n","protected":false},"featured_media":0,"comment_status":"open","ping_status":"closed","template":"","meta":[],"product_brand":[],"product_cat":[25],"product_tag":[],"class_list":{"0":"post-188","1":"product","2":"type-product","3":"status-publish","5":"product_cat-materiale-de-marketing","7":"first","8":"instock","9":"shipping-taxable","10":"purchasable","11":"product-type-simple"},"jetpack_sharing_enabled":true,"_links":{"self":[{"href":"https:\/\/atenatwostars.com\/index.php\/wp-json\/wp\/v2\/product\/188","targetHints":{"allow":["GET"]}}],"collection":[{"href":"https:\/\/atenatwostars.com\/index.php\/wp-json\/wp\/v2\/product"}],"about":[{"href":"https:\/\/atenatwostars.com\/index.php\/wp-json\/wp\/v2\/types\/product"}],"replies":[{"embeddable":true,"href":"https:\/\/atenatwostars.com\/index.php\/wp-json\/wp\/v2\/comments?post=188"}],"wp:attachment":[{"href":"https:\/\/atenatwostars.com\/index.php\/wp-json\/wp\/v2\/media?parent=188"}],"wp:term":[{"taxonomy":"product_brand","embeddable":true,"href":"https:\/\/atenatwostars.com\/index.php\/wp-json\/wp\/v2\/product_brand?post=188"},{"taxonomy":"product_cat","embeddable":true,"href":"https:\/\/atenatwostars.com\/index.php\/wp-json\/wp\/v2\/product_cat?post=188"},{"taxonomy":"product_tag","embeddable":true,"href":"https:\/\/atenatwostars.com\/index.php\/wp-json\/wp\/v2\/product_tag?post=188"}],"curies":[{"name":"wp","href":"https:\/\/api.w.org\/{rel}","templated":true}]}}